 What is the units digit of h?
4
Let x(d) = 4 + 0*d**2 + 8*d + 2 - 2*d + d**2. What is the units digit of x(-5)?
1
Suppose 4*x - 3*x = 8. What is the units digit of (x/(-5))/(4/(-30))?
2
Suppose -4*y - 2*a + 92 = 0, y - 18 = 3*a + 19. Let z = y - 15. Suppose 3*m = 5*m - z. What is the units digit of m?
5
Let j(r) be the second derivative of r**4/12 + r**3 + 3*r**2/2 - r. Let a be j(-6). Suppose 0 = 2*n - 3*v - 6, -a*v + 0 + 12 = 0. What is the units digit of n?
9
Suppose 15 + 24 = 3*f + 3*c, 0 = 2*c. Suppose -f - 1 = -2*d. What is the units digit of d?
7
Let l = 188 + -133. Suppose -4*q = 7 - l. What is the tens digit of q?
1
Let q(w) = 8*w + 3. What is the units digit of q(5)?
3
Let m = 27 + -15. Let x = 4 + m. What is the units digit of x?
6
Suppose 0 = 2*c - 4*a + 12, -5*a + 24 = -4*c - 0*a. Let v(n) = -2*n + 9. What is the tens digit of v(c)?
2
Suppose 0*w = -4*w. Let f(j) = -4*j**3 + j**2 - j - 1. Let g be f(-1). Suppose -25 = -g*d - w*d. What is the units digit of d?
5
Suppose 4*i = f + 19 - 69, 3*f + 4*i - 198 = 0. What is the tens digit of f?
6
Let g = 15 + -9. Let a(k) = -8*k - 2 + 3 + g*k + 8*k. What is the tens digit of a(2)?
1
Let s(m) = 5*m**2 - 21*m + 23. Let d(a) = 2*a**2 - 7*a + 8. Let k(r) = 8*d(r) - 3*s(r). Suppose -u + 18 = -3*u. What is the tens digit of k(u)?
1
Let g(q) = q**2 - 5*q - 10. What is the tens digit of g(11)?
5
Suppose 0 = 2*j + 4*k - 4, -3*k + 4 = 2*j - 5*k. Suppose 20 = j*l - 4*u, -2*l + 0 = -3*u - 19. What is the units digit of l?
8
Suppose -n - 81 = -4*n. What is the tens digit of n?
2
Let p(s) = s**2 - 6*s. Let n be p(7). Let w = n - 3. Suppose -w*f + f + 18 = 0. What is the units digit of f?
6
Suppose 125 = 4*g + 5*n, 2*g = -2*g - 2*n + 110. Let x be (1/(-2))/(2/(-40)). What is the units digit of (-4)/x - (-285)/g?
1
Let l = 25 - 1. Suppose -l = -4*w + w. What is the units digit of (5 - w)/(6/(-14))?
7
Let r(t) = t**3 + 13*t**2 - t - 8. Let v be r(-13). Let m = v + 3. What is the units digit of m?
8
Let w = -2 - -5. Suppose -w*y = -5*y + 20. What is the units digit of y?
0
What is the tens digit of (2/(-3))/((-9)/216)?
1
Let r be (-4)/(16/(-5))*4. Suppose 0 = k + 4*k - r. What is the units digit of 9 + (k - (-1 + 2))?
9
What is the tens digit of ((-42)/(-9))/(2 - (-28)/(-15))?
3
Let t = 2 + 3. Let f = 10 - t. What is the units digit of f?
5
Suppose 5*l - 29 = -4. What is the units digit of l?
5
What is the units digit of (63/28)/((-2)/(-136))?
3
Suppose 2 = -p, 3*w - 3*p = -2*p + 2. What is the units digit of 1 - 4/(w - 4)?
2
Suppose -4*a + 4*p = 17 - 121, 14 = a - 4*p. Let z = 22 - 5. Let n = a - z. What is the units digit of n?
3
Let q be 61/(-9) - (-12)/(-54). Let g = 14 + q. What is the units digit of g?
7
What is the units digit of 4/(-8) - 70/(-4)?
7
Let s be (-42)/2*3/(-9). Suppose s = 2*b - 11. Let v = b - 3. What is the units digit of v?
6
Let s(n) = 9*n**3 + 3*n**2 - 6*n + 7. What is the units digit of s(2)?
9
Let r be 18/5 - (-2)/5. Suppose r*n - 218 = -26. Suppose 0 = -4*w - 0*w + n. What is the units digit of w?
2
Let t(o) = 18*o**2 - o - o**3 + 2 - 5*o**2 - 11*o. What is the units digit of t(12)?
2
Let l = -37 - -49. What is the units digit of l?
2
Let n(g) = 10 - 6*g + 3*g + 2 - 1. What is the units digit of n(-5)?
6
Let a(c) = -c**3 + 2*c**2 + 3*c + 3. Let x be a(3). Suppose 5 = -i + 2*i, 5*i - 37 = -x*n. What is the units digit of n?
4
Suppose -p + 2*z = -62, 5*z - z - 20 = 0. What is the units digit of p?
2
Let b(d) = d**3 + 6*d**2 + 5*d + 3. Let n be 12/2*10/(-15). Let w be b(n). What is the tens digit of w - (0 + 2 - 1)?
1
Let f be (0 - 1)/(1/(-5)). Suppose -2*m = f*q - 60, q = -m - m + 4. What is the units digit of q?
4
What is the tens digit of (192/28)/(1*(-2)/(-14))?
4
Let o = -88 + 156. Suppose 0*j = 2*r + 4*j - 38, -5*r + o = j. What is the units digit of r?
3
Let d(k) = k**2 - 7*k. Let j(u) = -1. Let v(n) = d(n) - 6*j(n). Let y = 22 + -14. What is the tens digit of v(y)?
1
Let y(v) = 2*v. Let d(s) = -s**3 - 2*s. Let w(b) = 5*b**3 - b**2 + 11*b + 1. Let j(i) = 11*d(i) + 2*w(i). Let k be j(-2). What is the units digit of y(k)?
4
Suppose -2*a = -7*a + d + 11, -2*a - 1 = 5*d. Suppose 0 = -f - 0*f + 4*z + 25, -59 = -a*f + 5*z. What is the units digit of f?
7
Suppose 2*x = -5*d + 96, -d = d + 5*x - 51. What is the units digit of d/10 - 4/(-20)?
2
Suppose -658 = 2*n - 4*n. What is the hundreds digit of n?
3
What is the units digit of (-3)/(2 + (-250)/122)?
1
Let m(f) be the first derivative of 3*f**2/2 + 2*f + 1. Let v be (-16)/(-6) + (-6)/9. What is the units digit of m(v)?
8
Let w be 1/(-6)*-3*16. What is the units digit of (-134)/(-8) - (-2)/w?
7
Suppose -6 = -2*m - 2*g, 0 = 4*m - g - 2 - 5. Suppose -3*j + 3*p = 6, -3*j + 3*p - p = m. Suppose -3*b = -12, -3*b - 5 = -q - j. What is the tens digit of q?
1
Suppose -5*b = 27 + 3. What is the units digit of (-5)/((-20)/b)*-4?
6
Let y(r) = r**3 - 6*r**2 + 5*r + 1. Let j be y(6). Suppose 5*z - j = 39. What is the tens digit of z?
1
Let c = 11 + -8. Let n(t) = 2*t - 2*t**2 - t**2 - 5 + t**3 + 1. What is the units digit of n(c)?
2
Suppose 0 = 3*z - 2*z + 2*t - 2, -z = 4*t - 4. Suppose z*s = -4*s + 8. What is the units digit of s?
2
Let h(d) = d**2 + 3*d - 7. Let x be h(-5). Suppose -x*a = 4*p + 7, 2*a + 2*p = -0*p - 2. Suppose 5*c = 5*j + 38 - a, j - 9 = -c. What is the units digit of c?
8
Let q = -47 - -215. What is the units digit of q?
8
Suppose 0 = 5*f - 4*g - 56, -f + 4*f = -3*g + 39. Let r(b) = 2 - 1 - f*b + 2*b. What is the units digit of r(-1)?
1
Let z = -81 - -129. What is the units digit of z?
8
Let y = 218 - 151. Let f = y - 34. What is the units digit of f?
3
Let n(q) = -q**3 + 7*q**2 - 7*q - 2. Suppose 4*r - w = w + 28, -3*r - 4*w = 1. What is the tens digit of n(r)?
1
Let g = -77 + 124. What is the units digit of g?
7
Let s(f) = f**3 + 5*f**2 - 6*f + 3. Let v = -1 + -5. Let g be s(v). Suppose -g*w = -w - 22. What is the units digit of w?
1
What is the units digit of ((-10)/(-5))/(6/51)?
7
Let i = 120 - 43. What is the tens digit of i?
7
Suppose y + u - 2*u = 13, 3*u + 55 = 5*y. Suppose b = f - y, -b - b = 0. What is the units digit of f?
8
Suppose 5*o = 4*q + o - 44, q + 5 = -3*o. Suppose -4*u = -q*u + 6. What is the units digit of u?
2
What is the units digit of (12/15)/(7/315)?
6
Let f(d) = 4 - 36*d + d**2 + 32*d + 2. What is the units digit of f(5)?
1
Let w = 100 - 48. Suppose -3*n + w = 1. What is the units digit of n?
7
Suppose -c = c + 10. Let k(a) = -2*a - 6. What is the units digit of k(c)?
4
Suppose -24 = 2*y - 4*l, -8 = -y + 3*l - 25. What is the units digit of 19 - 0*(-1)/y?
9
Suppose 3*o + 2*n - 51 = 0, 8*o = 3*o - 5*n + 80. What is the tens digit of o?
1
What is the units digit of (2 - 2) + (-280)/(-8)?
5
Let g be -48 - (-6 - 0)/2. Let l = 67 + g. What is the tens digit of l?
2
Suppose 20*q - 25*q + 1135 = 0. What is the hundreds digit of q?
2
Let p(v) = -v**2 + 18. Let j(i) = i - 8. Let h be j(8). What is the units digit of p(h)?
8
Suppose 3*t - 5 = -2. What is the units digit of (4/(-6))/(t/(-9))?
6
Suppose -2*l + 5*q - 2 = 0, 8*q - 20 = 3*q. Let b = l - -7. What is the tens digit of b?
1
Suppose 0 = 5*d - 25 - 80. What is the units digit of d?
1
What is the tens digit of ((-2)/1)/(525/535 - 1)?
0
Let l(f) = 11*f**2 - f - 1. What is the tens digit of l(-2)?
4
Let s = -4 + 53. What is the tens digit of s?
4
Let h = 9 - 10. Let r be (-10)/3*(2 + -5). What is the units digit of h - (1 - r - -1)?
7
What is the tens digit of 106/3 - (-1)/(-3)?
3
Let p be 16/(-12)*93/(-2). Suppose -13 - p = -5*l. What is the units digit of l?
5
Let r(a) = -4*a - 9. Let x be r(-4). Let h be (-111)/(-9) - 2/6. Let i = h - x. What is the units digit of i?
5
Let j(k) = 2*k**2 + 5 - 3*k**2 + 14*k + 0 - 3. What is the tens digit of j(12)?
2
Suppose -5*t + 1 = 2*c + 20, 2*c = 2*t - 12. Let w = c - -15. What is the units digit of w?
8
Let w be (-6)/2*4 - -2. What is the units digit of (18/5)/(w/(-25))?
9
Suppose -14 = -3*v - 0*v + 4*s, 0 = -5*v + 4*s + 26. Let p = 16 - v. What is the units digit of p?
0
What is the tens digit of ((-4)/3)/(8/(-276))?
4
Let p(z) = -z**2 - 13*z - 12. What is the units digit of p(-6)?
0
Suppose 4*h - 326 + 65 = -5*d, 2*d = -4*h + 114. What is the units digit of d?
9
Let b = 7 - 3. Suppose 4*l - 2*t - 76 = 0, 